git of 2517?
1
What is the tens digit of 2863?
6
What is the units digit of 4280?
0
What is the tens digit of 776?
7
What is the units digit of 662?
2
What is the ten thousands digit of 24628?
2
What is the thousands digit of 1732?
1
What is the units digit of 12252?
2
What is the hundreds digit of 1211?
2
What is the tens digit of 5563?
6
What is the hundreds digit of 459?
4
What is the hundreds digit of 973?
9
What is the ten thousands digit of 31404?
3
What is the hundreds digit of 1564?
5
What is the hundreds digit of 23610?
6
What is the thousands digit of 4407?
4
What is the tens digit of 14193?
9
What is the tens digit of 844?
4
What is the units digit of 7376?
6
What is the units digit of 22169?
9
What is the hundreds digit of 4156?
1
What is the tens digit of 1372?
7
What is the tens digit of 942?
4
What is the tens digit of 5019?
1
What is the thousands digit of 16384?
6
What is the tens digit of 3773?
7
What is the hundreds digit of 682?
6
What is the thousands digit of 70626?
0
What is the ten thousands digit of 52494?
5
What is the hundreds digit of 654?
6
What is the thousands digit of 5068?
5
What is the thousands digit of 4336?
4
What is the thousands digit of 4923?
4
What is the tens digit of 454?
5
What is the units digit of 4929?
9
What is the units digit of 26832?
2
What is the tens digit of 715?
1
What is the hundreds digit of 2056?
0
What is the tens digit of 21?
2
What is the tens digit of 153?
5
What is the tens digit of 2088?
8
What is the units digit of 33840?
0
What is the units digit of 350?
0
What is the hundreds digit of 8997?
9
What is the units digit of 2031?
1
What is the units digit of 4432?
2
What is the hundreds digit of 414?
4
What is the tens digit of 33782?
8
What is the tens digit of 2187?
8
What is the units digit of 18496?
6
What is the thousands digit of 3469?
3
What is the tens digit of 4612?
1
What is the units digit of 741?
1
What is the thousands digit of 2262?
2
What is the tens digit of 772?
7
What is the hundreds digit of 3473?
4
What is the hundreds digit of 933?
9
What is the units digit of 1415?
5
What is the thousands digit of 1753?
1
What is the tens digit of 13703?
0
What is the thousands digit of 21804?
1
What is the tens digit of 1093?
9
What is the units digit of 29084?
4
What is the hundreds digit of 7266?
2
What is the hundreds digit of 31915?
9
What is the hundreds digit of 140803?
8
What is the units digit of 2748?
8
What is the thousands digit of 18020?
8
What is the ten thousands digit of 120236?
2
What is the ten thousands digit of 14598?
1
What is the hundreds digit of 472?
4
What is the thousands digit of 1607?
1
What is the tens digit of 3326?
2
What is the tens digit of 252?
5
What is the hundreds digit of 2282?
2
What is the tens digit of 256?
5
What is the hundreds digit of 6013?
0
What is the tens digit of 352?
5
What is the units digit of 194305?
5
What is the units digit of 8939?
9
What is the tens digit of 2830?
3
What is the tens digit of 8653?
5
What is the hundreds digit of 24517?
5
What is the tens digit of 2213?
1
What is the thousands digit of 2854?
2
What is the hundreds digit of 5137?
1
What is the tens digit of 1247?
4
What is the units digit of 1617?
7
What is the tens digit of 353?
5
What is the ten thousands digit of 57262?
5
What is the units digit of 748?
8
What is the hundreds digit of 3269?
2
What is the thousands digit of 4719?
4
What is the tens digit of 5398?
9
What is the units digit of 1262?
2
What is the ten thousands digit of 60923?
6
What is the units digit of 269?
9
What is the tens digit of 13498?
9
What is the thousands digit of 15922?
5
What is the tens digit of 5958?
5
What is the tens digit of 555?
5
What is the thousands digit of 7489?
7
What is the thousands digit of 50499?
0
What is the tens digit of 3986?
8
What is the hundreds digit of 283?
2
What is the tens digit of 439?
3
What is the thousands digit of 3064?
3
What is the tens digit of 493?
9
What is the units digit of 923?
3
What is the units digit of 24103?
3
What is the units digit of 3215?
5
What is the tens digit of 761?
6
What is the hundreds digit of 475?
4
What is the tens digit of 1350?
5
What is the hundreds digit of 24019?
0
What is the ten thousands digit of 135874?
3
What is the tens digit of 50076?
7
What is the tens digit of 8040?
4
What is the thousands digit of 1297?
1
What is the thousands digit of 174945?
4
What is the units digit of 12800?
0
What is the tens digit of 5675?
7
What is the units digit of 15005?
5
What is the hundreds digit of 1304?
3
What is the hundreds digit of 3549?
5
What is the thousands digit of 18767?
8
What is the tens digit of 554?
5
What is the hundreds digit of 11427?
4
What is the units digit of 1396?
6
What is the ten thousands digit of 12241?
1
What is the hundred thousands digit of 155953?
1
What is the units digit of 4416?
6
What is the thousands digit of 8964?
8
What is the tens digit of 52459?
5
What is the hundreds digit of 35535?
5
What is the tens digit of 141094?
9
What is the hundreds digit of 2253?
2
What is the thousands digit of 20270?
0
What is the hundreds digit of 119606?
6
What is the thousands digit of 15445?
5
What is the units digit of 39609?
9
What is the thousands digit of 4280?
4
What is the ten thousands digit of 19244?
1
What is the tens digit of 1516?
1
What is the tens digit of 14057?
5
What is the hundreds digit of 3631?
6
What is the tens digit of 725?
2
What is the tens digit of 2165?
6
What is the hundreds digit of 2422?
4
What is the hundreds digit of 89427?
4
What is the ten thousands digit of 12526?
1
What is the hundreds digit of 9278?
2
What is the ten thousands digit of 76983?
7
What is the units digit of 61633?
3
What is the tens digit of 579?
7
What is the units digit of 1328?
8
What is the hundreds digit of 1913?
9
What is the hundreds digit of 46939?
9
What is the thousands digit of 16095?
6
What is the tens digit of 579?
7
What is the tens digit of 127624?
2
What is the tens digit of 82?
8
What is the tens digit of 852?
5
What is the tens digit of 1693?
9
What is the thousands digit of 58949?
8
What is the tens digit of 67902?
0
What is the tens digit of 4632?
3
What is the hundreds digit of 12448?
4
What is the thousands digit of 37194?
7
What is the hundreds digit of 4281?
2
What is the hundreds digit of 1355?
3
What is the hundreds digit of 42469?
4
What is the tens digit of 950?
5
What is the hundreds digit of 12667?
6
What is the units digit of 14407?
7
What is the hundreds digit of 43873?
8
What is the hundreds digit of 190878?
8
What is the thousands digit of 111183?
1
What is the units digit of 10705?
5
What is the units digit of 2705?
5
What is the hundreds digit of 14105?
1
What is the thousands digit of 2135?
2
What is the hundreds digit of 2575?
5
What is the hundreds digit of 2114?
1
What is the hundreds digit of 67987?
9
What is the hundreds digit of 11083?
0
What is the hundreds digit of 185?
1
What is the ten thousands digit of 50406?
5
What is the thousands digit of 1640?
1
What is the thousands digit of 1669?
1
What is the tens digit of 6260?
6
What is the hundreds digit of 777?
7
What is the thousands digit of 2521?
2
What is the units digit of 3327?
7
What is the thousands digit of 2683?
2
What is the units digit of 40504?
4
What is the hundreds digit of 7279?
2
What is the thousands digit of 26717?
6
What is the units digit of 5789?
9
What is the units digit of 919?
9
What is the thousands digit of 127938?
7
What is the hundreds digit of 3679?
6
What is the units digit of 2673?
3
What is the units digit of 616?
6
What is the ten thousands digit of 17118?
1
What is the tens digit of 4530?
3
What is the thousands digit of 3765?
3
What is the tens digit of 5406?
0
What is the units digit of 1861?
1
What is the units digit of 2904?
4
What is the ten thousands digit of 49869?
4
What is the thousands digit of 28647?
8
What is the hundreds digit of 881?
8
What is the hundreds digit of 407?
4
What is the tens digit of 792?
9
What is the hundreds digit of 13171?
1
What is the thousands digit of 1219?
1
What is the ten thousands digit of 31020?
3
What is the units digit of 1812?
2
What is the units digit of 45920?
0
What is the ten thousands digit of 114788?
1
What is the units 